/10 - -2)?
2, 13
Let s be 3 + (0 - 1) - -280. Suppose 75 = 3*o - s. List the prime factors of o.
7, 17
Suppose -32*u = -37*u + 10. Let z(f) = 11*f**2 + 2*f - 3. Let k be z(u). Suppose 3 = t - k. What are the prime factors of t?
2, 3
Let s(n) = 10*n - 2. Let o(i) = -i**2 - i + 2. Let h(y) = y**3 - 8*y**2 + y - 8. Let r be h(8). Let j be o(r). List the prime factors of s(j).
2, 3
Suppose -6114 = -8*y + 270. What are the prime factors of y?
2, 3, 7, 19
Let l(q) = -1 - 2*q + 3 + q + 1. Let w be l(0). What are the prime factors of -2*((-5 - w) + 3)?
2, 5
Suppose 32 = -0*a + 4*a. Let k = 13 - a. Suppose -25 = -n + 3*b, 93 = 2*n + 2*n - k*b. List the prime factors of n.
2, 11
What are the prime factors of (-116)/(91/(-77) - -1)?
2, 11, 29
Suppose 2*s = 259 + 363. List the prime factors of s.
311
Let n(i) be the second derivative of 12*i**3 + 2*i**2 - 17*i. What are the prime factors of n(1)?
2, 19
Let i = 26 + -39. Let t = -49 - i. Let k = 8 - t. What are the prime factors of k?
2, 11
Let t(g) = -g + 8. Let h be t(6). Suppose -4*s - 43 = 5*f, h*f + f + 2*s + 27 = 0. Let n(c) = -10*c - 25. List the prime factors of n(f).
5, 17
Let r(c) = c**3 - 9*c**2 - 10*c. Let a be r(10). Suppose 5*i - 12 = -a*i - b, b - 2 = 0. Suppose -i*y + 6 + 106 = 0. List the prime factors of y.
2, 7
Let q = 49 + -53. Let h(l) = 7*l**2 - l + 8. List the prime factors of h(q).
2, 31
Let a = -61 + 108. List the prime factors of a - 0 - (-10)/5.
7
Suppose 3*f = 3*p + 16 + 8, 3*p + 4*f = 4. List the prime factors of 47 - (p + 4)/5.
47
Let o(d) = -d**2 + 62. Let g be o(0). Let r = g - -10. What are the prime factors of r?
2, 3
Suppose -4*d = -4*o - 60, 2*o - 41 = -3*d + 4*o. Let t(z) = 4*z + z - d + 2*z - 5*z. What are the prime factors of t(11)?
11
Let v be ((-1)/(-2))/((-2)/764). Let g = v + 320. What are the prime factors of g?
3, 43
Let w be (6/1)/((-3)/(-2)). Suppose 0 = -7*s + w*s + 6. Suppose s*i - 234 = -4*i. What are the prime factors of i?
3, 13
Let d = -10 - -12. Suppose -20 - 4 = d*v. List the prime factors of v/36 - (-85)/3.
2, 7
Let i(l) = 9*l**2 - 2*l - 1. Let y be i(-5). Suppose -t - 5*f = -95, 4*t + 5*f - 176 = y. List the prime factors of t.
3, 5, 7
Suppose 0 = -3*a - 5*z - 10, 5*z = 5*a - 53 + 3. Let g = -13 + a. List the prime factors of 4/(-2) + (-240)/g.
2, 7
Suppose 4*b = 2981 + 299. Suppose 162*o - 157*o = b. What are the prime factors of o?
2, 41
Suppose -5*k = -u + 68 - 180, 2*u = 2*k - 40. What are the prime factors of (1 + -14)/((-1)/k)?
13, 23
List the prime factors of -10 - (7 + -15) - -1428.
2, 23, 31
Suppose -1335 = 40*q - 43*q. List the prime factors of q.
5, 89
Let s(i) = -166*i**3 + i**2 + 13*i + 14. What are the prime factors of s(-2)?
2, 3, 5, 11
Let d = -59 + 76. Suppose -338 = d*n - 19*n. List the prime factors of n.
13
Let v(q) = -22*q**3 + 4*q**2 + 5*q + 5. What are the prime factors of v(-3)?
2, 5, 31
Suppose 3*v + 3*x = 885, v + 6*x = 4*x + 298. Suppose 35 = 3*p - v. List the prime factors of p.
109
Suppose -29 = -2*m - 23. What are the prime factors of m?
3
Let i be (-22)/(-3) - 2/(-3). Suppose 0 = -3*l - k - 2*k + 3, 2*l - i = 4*k. Let c = l + 7. What are the prime factors of c?
3
Suppose -5*c - g + 21233 = 0, g = 2*c - 8403 - 86. What are the prime factors of c?
2, 11, 193
Let s = 851 - 603. List the prime factors of s.
2, 31
Let c = -16 + -11. Let g = c - -32. Suppose -188 = -5*h + 5*l - l, 4*h + g*l = 134. What are the prime factors of h?
2, 3
Suppose -n - 18 = -3*w - 2*n, -w + 3*n + 16 = 0. Let y be (-2)/(-4)*(-5 + w). Let l = y + 21. List the prime factors of l.
2, 11
Let f(v) = 12 - 1 - 25*v + 21*v. What are the prime factors of f(-6)?
5, 7
Let j be -2 - 786/(8/4). Let l be j/(-30) + (-1)/6. Let s = l - -12. What are the prime factors of s?
5
Let m(o) = 12*o**2 - 11*o - 15. List the prime factors of m(-5).
2, 5, 17
Suppose -19*p - p = -10420. List the prime factors of p.
521
Suppose -948*j - 2160 = -960*j. List the prime factors of j.
2, 3, 5
Let v = 826 - 551. List the prime factors of v.
5, 11
Suppose 0 = z - 5 - 3. Suppose -23 = 4*i - 4*p + 25, -2*p + z = 0. Let k = 41 + i. List the prime factors of k.
3, 11
Let p(f) = 9*f + 3. Let r be p(-2). Let y be r/(-6*2/32). Suppose -4*k + 8 + y = 0. What are the prime factors of k?
2, 3
Let d(i) = 5*i**3 - 7*i**2 + 67*i - 3. What are the prime factors of d(8)?
5, 23
List the prime factors of (1 - -3644)/5 + 5 + 0.
2, 367
Let z be 307/5 - 4/10. Let y be (-12)/(-7)*(z - 5). Suppose 0 = -5*l + l + y. What are the prime factors of l?
2, 3
Let q(s) be the third derivative of -11*s**6/720 - s**5/40 - 3*s**4/8 + 9*s**2. Let t(y) be the second derivative of q(y). What are the prime factors of t(-4)?
41
Suppose -4*r + 3*y - 9 = 0, 2*r - 3*y + 11 = 2. Let n be r/2 - (-2 + -58). Suppose 4*s + s = -l - 10, 5*l = -3*s + n. What are the prime factors of l?
3, 5
Suppose 2*f - 15 = -3*f. Suppose 10 - 2 = l. Suppose -f*g = -g - l. What are the prime factors of g?
2
Let k(m) = 4*m**3 + m**2 - m + 2. Let t be k(-2). Let u be (-6)/t + 22/8. Suppose 4*f - u = 33. What are the prime factors of f?
3
Suppose -5*v + 27 = -y, -4*y = -3*v + 82 + 43. Let i = 61 + y. What are the prime factors of i?
29
Suppose 9*j = 68*j - 112808. What are the prime factors of j?
2, 239
Let w = 31 - 14. Let s = -38 - -26. Let i = w + s. What are the prime factors of i?
5
What are the prime factors of 2100*(52/69 + (-50)/575)?
2, 5, 7
Let g = 48 + -45. Suppose 0*n + 4*s - 214 = -n, -g*s - 761 = -4*n. List the prime factors of n.
2, 97
Let x(d) = -d + 2. Let g(q) = -1. Let p(a) = -6*g(a) - x(a). Let u be p(-4). Suppose j - 11 = -u*j. List the prime factors of j.
11
Let q = 28 - 24. Suppose t - 2*t + 3*u = -88, q*u + 259 = 3*t. List the prime factors of t.
5, 17
Suppose 90*y - 105*y = -11115. List the prime factors of y.
3, 13, 19
Let k = 15 + -25. Let a be (-40)/12*36/k. Suppose -2*n = -a + 2. List the prime factors of n.
5
Suppose 38*c - 912 = 91466. What are the prime factors of c?
11, 13, 17
Suppose 2160 - 260 = 2*o. List the prime factors of o.
2, 5, 19
Let t(a) = 0 - 3 + 8 + 2*a + 0. Let x be t(-6). What are the prime factors of 7/(-2)*20/x?
2, 5
Suppose 3*i - 1000 = -i. Suppose -t - 4*t + i = 0. What are the prime factors of t?
2, 5
Suppose 6*u + 24 = -2*u. What are the prime factors of (u/2)/(24/(-688))?
43
Let d = -39 - -36. Let a be d + (11 - -4)/5. Suppose -q = 2*f - 15, -3*f - 3*q = -a - 15. List the prime factors of f.
2, 5
Let h(p) = p**2 + 3*p - 4. Let u be h(-5). Let q be 3/(u/14) + 2. Suppose -4*i + 16 = 2*g, 2*g - q = -5*i + 11. What are the prime factors of i?
2
Let r = 6 + 425. List the prime factors of r.
431
What are the prime factors of 4494*(100/30 - 3)?
2, 7, 107
Suppose 3*l + 5*i = 755, 0 = -4*l + 4*i - 484 + 1480. What are the prime factors of l?
2, 5
Let w(t) = -4*t - 14. Let h(n) = n + 1. Let v(b) = -5*h(b) - w(b). Let u be v(7). Suppose -u*j = -41 - 39. What are the prime factors of j?
2, 5
Let x = 2456 + -1257. What are the prime factors of x?
11, 109
Let f(q) = -10*q**2 + 20. Let l(m) = -m**2 + 1. Let n(r) = -f(r) + 8*l(r). List the prime factors of n(-5).
2, 19
Let g be (-1 + 2)*-1 + 26. Suppose 3*m = 4*j - 17, 2*m - 4*j - 7 + g = 0. Let f = 8 - m. What are the prime factors of f?
7
Let a be 4/6 + 20/(-12) + 1. Suppose -6*d + a*d = -834. List the prime factors of d.
139
Suppose -19*x + 14034 = 2425. What are the prime factors of x?
13, 47
Let o = 361 - 230. Let y = -32 + o. List the prime factors of y.
3, 11
Suppose j = -8*j - 1071. Let u = j + 193. What are the prime factors of u?
2, 37
Suppose 4*h + x - 11 = 0, 4*x + 40 = 8*h - 3*h. Suppose 5*t - 20 = 0, h*g + 3*t - 172 = -0*g. Let b = -26 + g. What are the prime factors of b?
2, 7
Let t = -206 - -16. Let u = t + 386. What are the prime factors of u?
2, 7
Let v = -14 - -28. Let m = v + -17. List the prime factors of m/(-3 - 28/(-10)).
3, 5
Suppose 35096 = 30*i - 55024. List the prime factors of i.
2, 751
Suppose 40 = 2*o + 3*o - 5*a, 16 = 3*o - a. Suppose o*n - 300 = -5*f, 182 = -5*f - 3*n + 482. What are the prime factors of f?
2, 3, 5
Suppose -3*k - 1 = -10. Suppose p = k*p - 5*z - 289, 3*p - 5*z - 436 = 0. What are the prime factors of p?
3, 7
Let d = 1590 + -826. What are the prime factors of d?
2, 191
Let b(d) = -d**3 - 2*d**2 + 5*d + 17. Le